21*u + 118*u. Is u/(-126) - 2/18 a prime number?
False
Let u = -1511978 + 2590245. Is u prime?
False
Let j = -1195 + 1999. Suppose 4*p - 1056 = j. Let u = -316 + p. Is u prime?
True
Suppose 3*d + 7*u = 2*u - 335152, -2*d + 3*u = 223422. Is 6/((-36)/d) + (-4)/2 composite?
False
Suppose 0 = 7*i - 6427 - 20103. Suppose -3*t + 3*q = -t - i, t - 5*q - 1909 = 0. Is t composite?
False
Suppose d - 4 = 0, -81*z = -79*z + 2*d - 420242. Is z composite?
True
Let j(w) = w**3 - 5*w**2 - 10*w + 27. Let n be j(6). Let x(c) = 370*c**2 - 5*c + 2. Is x(n) a composite number?
True
Let h be (-2)/(-4)*44/2 - -3. Suppose -10*y - h = -17*y. Suppose 2421 = y*l + l. Is l composite?
True
Is ((-40)/((-6960)/11501429))/((-1)/(-30)) prime?
False
Let l(i) = -i**2 - 7*i - 1. Let d be l(-6). Suppose o - 6913 = -5*h + 1987, d*o = -2*h + 3537. Is h*3/(-12)*-4 a prime number?
False
Is 64501 - ((-72)/(-198))/(4/22) composite?
False
Let m be (3 + 19)*-209 + 4. Let s = m + 3248. Is 18/36 + s/(-4) a prime number?
True
Let g(z) be the third derivative of -3*z**6/40 + z**5/30 - z**4/8 - 7*z**3/6 - 2*z**2. Let p = -30 + 26. Is g(p) prime?
True
Let t(m) = 138*m**3 + 3*m - 2. Let y be (-2 + 5)*(2 + 1). Suppose 0 = 5*r + 2*u + 1, -4*r - 5*u = y + 2. Is t(r) prime?
True
Is (((-10296)/(-130))/36)/(2/295990) prime?
False
Suppose j = -736 - 57. Let y be j/5 - (-5)/(100/(-8)). Let c = 336 + y. Is c a composite number?
True
Let p(s) = -7*s + 74. Let y be p(9). Suppose y*b = -0*b + 8294. Let l = 1387 - b. Is l a prime number?
False
Suppose 500 = 5*r - z - 2*z, 2*z + 204 = 2*r. Let q = r + -97. Is (q + -19)/((4 + -11)/7) prime?
True
Let x = -89 + 89. Is x + 1 + -222*(-1 + -2) prime?
False
Let n(d) be the first derivative of d**3 - 3*d**2 + 49*d - 99. Is n(14) a prime number?
False
Suppose 3*u - 569483 = -5*i + 2286048, u = -3*i + 1713317. Is i a prime number?
False
Let c(x) = -5*x + 31. Let d be c(8). Let s(q) = -10*q**2 + 4*q + 13. Let t be s(d). Let k = t + 1180. Is k a composite number?
False
Let u be (-28 + 3)*(-3 - -2). Suppose -4*v - 4*y = -2216, -u*y - 2788 = -5*v - 24*y. Is v a composite number?
False
Suppose g = -g - 3*f - 2, -1 = -g - f. Suppose 0*h + g*h = 15. Suppose -h*u = -7317 - 5664. Is u composite?
False
Let k(x) = x**3 + 123*x**2 + 136*x + 309. Is k(-94) composite?
False
Let l(k) = 6*k**3 - 3*k**2 + 8*k - 4. Let r be l(4). Let x = r - 177. Is x a prime number?
False
Suppose 2*k + 3*i - 16988 = 0, 3*k + 3*i + 237 = 25716. Is k composite?
True
Let l(m) = 2318*m + 127. Let w = -357 + 362. Is l(w) a composite number?
False
Let c(j) = -j**2 - j + 97. Let y be c(0). Let w be (-3 + (-2 - -20))*y. Suppose 9*g - w = 6*g. Is g a composite number?
True
Suppose -49*i = -37860616 - 11855029. Is i prime?
False
Let j(p) be the first derivative of 31*p**3/3 - 11*p**2/2 - 18*p + 273. Is j(-23) a composite number?
True
Let z(y) = -y**2 - y + 1. Let p(x) = -8899*x**3 + 2*x**2 + 2*x - 3. Let n(k) = p(k) + 3*z(k). Is n(-1) composite?
True
Suppose -17*z = -25*z + 36656. Let m = z - 2721. Is m composite?
False
Let j(u) = 2793*u**2 + 74*u - 86. Is j(9) a composite number?
False
Let a = -2764 - -548. Let j = 11223 + a. Is j a composite number?
False
Let g(m) = -6*m**3 + 199*m**2 + 66*m - 11. Is g(20) a prime number?
True
Suppose 135 = -p + 4*p. Let r be (-18)/p - 58/5. Is 3*(45/(-60) + (-5557)/r) prime?
False
Let y = -4 - -6. Suppose 6*u = y*u - 32. Is -1*(-2)/u - 12060/(-48) a prime number?
True
Suppose -3*t - 20*d = -25*d - 127349, 0 = -4*t + 2*d + 169780. Suppose 0 = -4*p + 12, -5*r + t = -4*p - 0*p. Is r prime?
False
Let f(j) = -86*j**3 - 2*j**2 - j. Let r be 0 - ((0 - -5) + -4). Let s be f(r). Suppose 103 = 2*o - s. Is o composite?
True
Let o be (10782/(-12) - -5)*4 - 6. Let c = -977 - o. Is c composite?
True
Let k be (-79)/((36/9)/(-4)). Suppose 2*d - 1288 = -5*o, 0*d + 5*d + 5*o = 3190. Suppose d = f - k. Is f a composite number?
True
Suppose -x = 4*c - 6149, 0*c + 5*x - 6153 = -4*c. Let h(t) = 3*t**3 - 4*t**2 + 9*t - 6. Let w be h(10). Let d = w - c. Is d composite?
True
Let a(z) = 32*z**2 + 74*z + 33. Is a(16) a composite number?
True
Suppose 9*y = 7*y + 12. Suppose 2*m - y = 3*j, -4*j - 5*m = -0*m + 31. Let f(k) = 2*k**2 + 2*k - 3. Is f(j) a prime number?
False
Suppose -653995 - 17561368 = -89*i. Is i a composite number?
False
Let o(y) = 10*y**2 + 10*y - 6. Let i be o(-5). Suppose i*h = 198*h - 45836. Is h composite?
True
Is (84/(-56))/((-2)/13767448*6) a prime number?
True
Let p be -2 + (-483064)/(-10) + (-20)/50. Suppose 0 = -19*a + 24*a - k - p, -3*k = 2*a - 19325. Is a prime?
True
Let p = 483048 - 211381. Is p composite?
True
Let l(k) = 827*k + 130541. Is l(0) composite?
True
Let j(h) = 45508*h + 5051. Is j(5) a composite number?
False
Suppose -25 = -5*o + h, 2*o + 3*h = -3*o + 45. Let f(y) be the first derivative of 10*y**3/3 - 3*y**2 - 7*y + 15. Is f(o) a prime number?
True
Is (-654936)/(-6) + 11 + (-7 - -3) a composite number?
True
Suppose -10 = -5*a + 5*s, a - 3*a - 4*s = -10. Suppose -a*o - 6 = -2*f + 6, -2*f - 5*o + 44 = 0. Is (6/f)/(-1 - 1230/(-1228)) a composite number?
False
Suppose -52709162 - 12679957 = -30*j - 9708489. Is j composite?
False
Let x(f) = -160*f**3 + 2*f**2 - 10*f - 21. Let o be x(-2). Let c = o - 10. Is c a composite number?
False
Let n(z) = 241658*z**2 + 14*z + 35. Is n(-2) prime?
False
Let f = 33 + -31. Suppose -3*u + 1 = o - u, -2*o = -f*u - 8. Suppose -5*z + 8464 = -o*i, 0 = z + 3*i - 0*i - 1682. Is z a composite number?
True
Let s = 471 - 475. Is s/(-22) + (-1155651)/(-231) a prime number?
True
Let f(s) = s**3 + 3*s**2 - 4*s - 10. Let b be f(-4). Let k be (-26)/(-5)*b/(-8)*754. Suppose 0 = 4*v - k - 615. Is v prime?
False
Let j(y) = 34*y + 14. Let n be j(5). Suppose 0 = -3*w + 526 - n. Suppose w - 1709 = -5*v. Is v composite?
True
Let h(c) = -c**2 - 4*c + 19. Let d be h(-7). Let g be 6/18 - (d - (-3038)/6). Let m = 367 - g. Is m prime?
False
Suppose 0 = -3*j + 6, 16*j = t + 18*j - 160347. Is t composite?
False
Let h = 128 - 130. Is (-12287)/h + 4/(-8) a composite number?
False
Let j be (-42)/(-8)*(-600)/(-105). Suppose 5*h - 1 = 29. Is (-1420)/h*j/(-20) composite?
True
Let w be 6 - 7/((-28)/(-8)). Suppose -20 = -w*n + a + 2*a, 2*n - 2*a - 10 = 0. Suppose -n*y = -2*y - 669. Is y a composite number?
False
Let r(h) = 22*h**3 - 3*h**2 - 22*h + 35. Is r(6) composite?
False
Suppose a - 3*j + j - 88 = 0, 2*j - 382 = -4*a. Suppose -43735 = -a*u + 89*u. Is u prime?
True
Let q = -4981 + 7119. Is (2/(-4))/(-2 - (-4275)/q) a composite number?
False
Suppose -2*q = -10*q + 7*q + 21391. Is q a composite number?
False
Suppose 3*s = 19*q - 5595224, 2*q + 4*s + s = 588955. Is q prime?
False
Let v = -124895 + 282240. Is v a composite number?
True
Suppose -13986 = 4*m + 5*f - 86045, -f - 36019 = -2*m. Let g = 3404 + m. Is g a prime number?
False
Let f(o) = -18373*o - 541. Is f(-4) a prime number?
False
Let h(y) = 10072*y**2 + 12*y - 11. Let a be h(1). Suppose 0 = -3*w + 4*g + 6039, 0 = -5*w + 3*g + g + a. Is w a prime number?
True
Suppose 46*v = 42*v + 2*k + 24024, 5*v = 4*k + 30027. Is v composite?
False
Is (-4 - -2 - -1)*-2 + (3514 - -119) prime?
False
Let k(r) = 869*r - 15. Suppose 5*z = -g + 15, 0*g - 19 = -z + 3*g. Let n be k(z). Suppose v - 424 = -2*m + 719, 2*m = 3*v - n. Is v a composite number?
False
Suppose 0 = -2*y + 5*f + 176, -4*y - 3*f - 172 = -6*y. Let a = 3516 - y. Is a composite?
False
Suppose 8*i + 5*i = 2*g - 296871, -2*i = 2. Is g a composite number?
False
Let s(g) = g**2 - 43*g + 133. Let p be s(40). Suppose -p*i = -7*i - 41466. Is i composite?
False
Suppose 11 - 13 = -a. Suppose 919 = 6*m - 3*m + r, -a*m = -4*r - 622. Let g = m - 146. Is g composite?
True
Let n(a) = 8*a - 24. Let j be n(18). Let p = -264 + j. Let y = 407 + p. Is y composite?
False
Let i(q) = -3*q**2 + 21*q + 18. Let z be i(23). Let s = 5690 + z. Is (s/(-2))/(-14 - -12) a composite number?
False
Suppose -2 = 3*t - 2*t, 3*w + 5*t = -325. Let c be (1048/12)/(10/w). Let m = -540 - c. Is m prime?
False
Let g be 5793/(-3) - (-6)/1. Let x = g + 3930. Is x a composite number?
True
Let f(z) = 186*z**2 - 10*z + 2183. Is f(91) a composite number?
False
Let m = 127735 + -67778. Is m a composite number?
False
Suppose 0 = -518*v + 408*v + 8263970. Is v prime?
False
Let b(q) = q**3 - 11*q**2 + 308*q 